{"id":293,"date":"2019-08-10T16:34:34","date_gmt":"2019-08-10T13:34:34","guid":{"rendered":"https:\/\/fedsigorta.com\/?page_id=293"},"modified":"2022-08-03T15:01:30","modified_gmt":"2022-08-03T12:01:30","slug":"saglik-sigortasi","status":"publish","type":"page","link":"https:\/\/www.fedsigorta.com.tr\/?page_id=293","title":{"rendered":"Sa\u011fl\u0131k Sigortas\u0131"},"content":{"rendered":"\t\t<div data-elementor-type=\"wp-page\" data-elementor-id=\"293\" class=\"elementor elementor-293\">\n\t\t\t\t\t\t<section class=\"elementor-section elementor-top-section elementor-element elementor-element-3563a9da elementor-section-boxed elementor-section-height-default elementor-section-height-default\" data-id=\"3563a9da\" data-element_type=\"section\" data-e-type=\"section\">\n\t\t\t\t\t\t<div class=\"elementor-container elementor-column-gap-default\">\n\t\t\t\t\t<div class=\"elementor-column elementor-col-100 elementor-top-column elementor-element elementor-element-24609d8b\" data-id=\"24609d8b\" data-element_type=\"column\" data-e-type=\"column\">\n\t\t\t<div class=\"elementor-widget-wrap elementor-element-populated\">\n\t\t\t\t\t\t<div class=\"elementor-element elementor-element-4fd100c elementor-widget elementor-widget-button\" data-id=\"4fd100c\" data-element_type=\"widget\" data-e-type=\"widget\" data-widget_type=\"button.default\">\n\t\t\t\t<div class=\"elementor-widget-container\">\n\t\t\t\t\t\t\t\t\t<div class=\"elementor-button-wrapper\">\n\t\t\t\t\t<a class=\"elementor-button elementor-button-link elementor-size-sm\" href=\"https:\/\/www.fedsigorta.com.tr\">\n\t\t\t\t\t\t<span class=\"elementor-button-content-wrapper\">\n\t\t\t\t\t\t\t\t\t<span class=\"elementor-button-text\">Ana Sayfa<\/span>\n\t\t\t\t\t<\/span>\n\t\t\t\t\t<\/a>\n\t\t\t\t<\/div>\n\t\t\t\t\t\t\t\t<\/div>\n\t\t\t\t<\/div>\n\t\t\t\t<div class=\"elementor-element elementor-element-55addaf elementor-invisible elementor-widget elementor-widget-image\" data-id=\"55addaf\" data-element_type=\"widget\" data-e-type=\"widget\" data-settings=\"{&quot;_animation&quot;:&quot;fadeInRight&quot;}\" data-widget_type=\"image.default\">\n\t\t\t\t<div class=\"elementor-widget-container\">\n\t\t\t\t\t\t\t\t\t\t\t\t\t\t\t<img fetchpriority=\"high\" decoding=\"async\" width=\"525\" height=\"349\" src=\"https:\/\/www.fedsigorta.com.tr\/wp-content\/uploads\/2022\/08\/tamamlayici-saglik-sigortasi-nedir-95754-1112021174449.png\" class=\"attachment-large size-large wp-image-1123\" alt=\"\" srcset=\"https:\/\/www.fedsigorta.com.tr\/wp-content\/uploads\/2022\/08\/tamamlayici-saglik-sigortasi-nedir-95754-1112021174449.png 670w, https:\/\/www.fedsigorta.com.tr\/wp-content\/uploads\/2022\/08\/tamamlayici-saglik-sigortasi-nedir-95754-1112021174449-300x200.png 300w\" sizes=\"100vw\" \/>\t\t\t\t\t\t\t\t\t\t\t\t\t\t\t<\/div>\n\t\t\t\t<\/div>\n\t\t\t\t<div class=\"elementor-element elementor-element-4d2a71e3 elementor-widget elementor-widget-text-editor\" data-id=\"4d2a71e3\" data-element_type=\"widget\" data-e-type=\"widget\" data-widget_type=\"text-editor.default\">\n\t\t\t\t<div class=\"elementor-widget-container\">\n\t\t\t\t\t\t\t\t\t<h2 style=\"margin: 0cm 0cm 9pt; background-image: initial; background-position: initial; background-size: initial; background-repeat: initial; background-attachment: initial; background-origin: initial; background-clip: initial;\"><b><span style=\"font-family: Roboto;\">\u00d6zel Sa\u011fl\u0131k Sigortas\u0131<\/span><\/b><\/h2>\n<p style=\"margin: 0cm 0cm 18pt; background-image: initial; background-position: initial; background-size: initial; background-repeat: initial; background-attachment: initial; background-origin: initial; background-clip: initial;\"><span style=\"font-family: Roboto;\">\u0130htiya\u00e7lar\u0131n\u0131z do\u011frultusunda se\u00e7im \u00f6zg\u00fcrl\u00fc\u011f\u00fc sa\u011flayan Mod\u00fcler Sa\u011fl\u0131k Sigortas\u0131 ile say\u0131s\u0131z alternatiften size ve b\u00fct\u00e7enize uygun olanlar\u0131 se\u00e7erek&nbsp;kendinize \u00f6zel sa\u011fl\u0131k sigortas\u0131n\u0131 olu\u015fturabilirsiniz.<\/span><\/p><p style=\"margin: 0cm 0cm 18pt; background-image: initial; background-position: initial; background-size: initial; background-repeat: initial; background-attachment: initial; background-origin: initial; background-clip: initial;\"><span style=\"font-family: Roboto;\"><br><\/span><\/p>\t\t\t\t\t\t\t\t<\/div>\n\t\t\t\t<\/div>\n\t\t\t\t<div class=\"elementor-element elementor-element-32072f1 elementor-invisible elementor-widget elementor-widget-image\" data-id=\"32072f1\" data-element_type=\"widget\" data-e-type=\"widget\" data-settings=\"{&quot;_animation&quot;:&quot;slideInDown&quot;}\" data-widget_type=\"image.default\">\n\t\t\t\t<div class=\"elementor-widget-container\">\n\t\t\t\t\t\t\t\t\t\t\t\t\t\t\t<img decoding=\"async\" width=\"525\" height=\"345\" src=\"https:\/\/www.fedsigorta.com.tr\/wp-content\/uploads\/2022\/08\/tamamlayici-sagik1-min.jpeg\" class=\"attachment-large size-large wp-image-1122\" alt=\"\" srcset=\"https:\/\/www.fedsigorta.com.tr\/wp-content\/uploads\/2022\/08\/tamamlayici-sagik1-min.jpeg 557w, https:\/\/www.fedsigorta.com.tr\/wp-content\/uploads\/2022\/08\/tamamlayici-sagik1-min-300x197.jpeg 300w\" sizes=\"100vw\" \/>\t\t\t\t\t\t\t\t\t\t\t\t\t\t\t<\/div>\n\t\t\t\t<\/div>\n\t\t\t\t<div class=\"elementor-element elementor-element-4524744 elementor-widget elementor-widget-text-editor\" data-id=\"4524744\" data-element_type=\"widget\" data-e-type=\"widget\" data-widget_type=\"text-editor.default\">\n\t\t\t\t<div class=\"elementor-widget-container\">\n\t\t\t\t\t\t\t\t\t<h2 style=\"margin: 0cm 0cm 9pt; padding-top: 1.5em; background-image: initial; background-position: initial; background-size: initial; background-repeat: initial; background-attachment: initial; background-origin: initial; background-clip: initial;\"><span style=\"font-weight: bold;\"><span style=\"font-family: Roboto;\">Tamamlay\u0131c\u0131 Sa\u011fl\u0131k Sigortas\u0131<\/span><\/span><\/h2><p style=\"color: #000000;\">\u00a0<\/p><p style=\"margin: 0cm; color: #000000; background-image: initial; background-position: initial; background-size: initial; background-repeat: initial; background-attachment: initial; background-origin: initial; background-clip: initial;\"><span style=\"font-family: Roboto;\">\u00d6zel sa\u011fl\u0131k sigortas\u0131na b\u00fct\u00e7e ay\u0131ram\u0131yorsan\u0131z ve SGK anla\u015fmal\u0131 hastaneleri tercih ediyorsan\u0131z;\u00a0ilave \u00fccretleri kar\u015f\u0131layan\u00a0bu avantajl\u0131 sa\u011fl\u0131k sigortas\u0131ndan yararlanabilirsiniz<\/span><\/p>\t\t\t\t\t\t\t\t<\/div>\n\t\t\t\t<\/div>\n\t\t\t\t<div class=\"elementor-element elementor-element-a05c91f elementor-widget elementor-widget-button\" data-id=\"a05c91f\" data-element_type=\"widget\" data-e-type=\"widget\" data-widget_type=\"button.default\">\n\t\t\t\t<div class=\"elementor-widget-container\">\n\t\t\t\t\t\t\t\t\t<div class=\"elementor-button-wrapper\">\n\t\t\t\t\t<a class=\"elementor-button elementor-button-link elementor-size-sm\" href=\"https:\/\/www.fedsigorta.com.tr\/?page_id=8\">\n\t\t\t\t\t\t<span class=\"elementor-button-content-wrapper\">\n\t\t\t\t\t\t\t\t\t<span class=\"elementor-button-text\">Finansal Dan\u0131\u015fmal\u0131k Hizmeti \u0130\u00e7in \u0130leti\u015fime Ge\u00e7in<\/span>\n\t\t\t\t\t<\/span>\n\t\t\t\t\t<\/a>\n\t\t\t\t<\/div>\n\t\t\t\t\t\t\t\t<\/div>\n\t\t\t\t<\/div>\n\t\t\t\t\t<\/div>\n\t\t<\/div>\n\t\t\t\t\t<\/div>\n\t\t<\/section>\n\t\t\t\t<\/div>\n\t\t","protected":false},"excerpt":{"rendered":"<p>Ana Sayfa \u00d6zel Sa\u011fl\u0131k Sigortas\u0131 \u0130htiya\u00e7lar\u0131n\u0131z do\u011frultusunda se\u00e7im \u00f6zg\u00fcrl\u00fc\u011f\u00fc sa\u011flayan Mod\u00fcler Sa\u011fl\u0131k Sigortas\u0131 ile say\u0131s\u0131z alternatiften size ve b\u00fct\u00e7enize uygun olanlar\u0131 se\u00e7erek&nbsp;kendinize \u00f6zel sa\u011fl\u0131k sigortas\u0131n\u0131 olu\u015fturabilirsiniz. Tamamlay\u0131c\u0131 Sa\u011fl\u0131k Sigortas\u0131 \u00a0 \u00d6zel sa\u011fl\u0131k sigortas\u0131na b\u00fct\u00e7e ay\u0131ram\u0131yorsan\u0131z ve SGK anla\u015fmal\u0131 hastaneleri tercih ediyorsan\u0131z;\u00a0ilave \u00fccretleri kar\u015f\u0131layan\u00a0bu avantajl\u0131 sa\u011fl\u0131k sigortas\u0131ndan yararlanabilirsiniz Finansal Dan\u0131\u015fmal\u0131k Hizmeti \u0130\u00e7in \u0130leti\u015fime Ge\u00e7in<\/p>\n","protected":false},"author":1,"featured_media":0,"parent":0,"menu_order":0,"comment_status":"closed","ping_status":"closed","template":"elementor_canvas","meta":{"footnotes":""},"class_list":["post-293","page","type-page","status-publish","hentry"],"_links":{"self":[{"href":"https:\/\/www.fedsigorta.com.tr\/index.php?rest_route=\/wp\/v2\/pages\/293","targetHints":{"allow":["GET"]}}],"collection":[{"href":"https:\/\/www.fedsigorta.com.tr\/index.php?rest_route=\/wp\/v2\/pages"}],"about":[{"href":"https:\/\/www.fedsigorta.com.tr\/index.php?rest_route=\/wp\/v2\/types\/page"}],"author":[{"embeddable":true,"href":"https:\/\/www.fedsigorta.com.tr\/index.php?rest_route=\/wp\/v2\/users\/1"}],"replies":[{"embeddable":true,"href":"https:\/\/www.fedsigorta.com.tr\/index.php?rest_route=%2Fwp%2Fv2%2Fcomments&post=293"}],"version-history":[{"count":27,"href":"https:\/\/www.fedsigorta.com.tr\/index.php?rest_route=\/wp\/v2\/pages\/293\/revisions"}],"predecessor-version":[{"id":1169,"href":"https:\/\/www.fedsigorta.com.tr\/index.php?rest_route=\/wp\/v2\/pages\/293\/revisions\/1169"}],"wp:attachment":[{"href":"https:\/\/www.fedsigorta.com.tr\/index.php?rest_route=%2Fwp%2Fv2%2Fmedia&parent=293"}],"curies":[{"name":"wp","href":"https:\/\/api.w.org\/{rel}","templated":true}]}}